is divided by 9333?
660
Calculate the remainder when 168215 is divided by 895.
850
What is the remainder when 47042023 is divided by 2532?
2527
Calculate the remainder when 189709 is divided by 18957.
139
What is the remainder when 223704 is divided by 37?
2
What is the remainder when 7964171 is divided by 195?
176
What is the remainder when 77203247 is divided by 50?
47
What is the remainder when 10276414 is divided by 311406?
16
What is the remainder when 318889439 is divided by 291?
290
Calculate the remainder when 205119 is divided by 15625.
1994
What is the remainder when 528347 is divided by 261456?
5435
Calculate the remainder when 1716572 is divided by 119.
116
Calculate the remainder when 4095107 is divided by 76.
75
What is the remainder when 68560 is divided by 925?
110
Calculate the remainder when 25839029 is divided by 4057.
4053
What is the remainder when 6673 is divided by 26?
17
What is the remainder when 43636514 is divided by 28?
26
Calculate the remainder when 16241521 is divided by 318.
307
Calculate the remainder when 10462672 is divided by 289.
5
Calculate the remainder when 41386 is divided by 555.
316
What is the remainder when 232266 is divided by 704?
650
Calculate the remainder when 1958617 is divided by 1958511.
106
Calculate the remainder when 327325329 is divided by 19.
17
Calculate the remainder when 30376318 is divided by 122981.
11
Calculate the remainder when 1277525 is divided by 685.
0
What is the remainder when 596661 is divided by 432?
69
What is the remainder when 3436162 is divided by 186?
184
Calculate the remainder when 1709501 is divided by 170914.
361
Calculate the remainder when 380831 is divided by 75913.
1266
Calculate the remainder when 1514328 is divided by 378528.
216
What is the remainder when 27651 is divided by 2214?
1083
What is the remainder when 2154716 is divided by 1582?
32
What is the remainder when 93932 is divided by 144?
44
Calculate the remainder when 3182078 is divided by 71.
0
Calculate the remainder when 2085763 is divided by 797.
14
Calculate the remainder when 14906101 is divided by 6229.
104
Calculate the remainder when 6005232 is divided by 20636.
156
Calculate the remainder when 28360 is divided by 73.
36
Calculate the remainder when 80546174 is divided by 262.
38
Calculate the remainder when 27780 is divided by 5800.
4580
Calculate the remainder when 2666671148 is divided by 55.
53
What is the remainder when 8129838 is divided by 2709893?
159
Calculate the remainder when 923374 is divided by 307646.
436
Calculate the remainder when 183282 is divided by 1683.
1518
Calculate the remainder when 1867018 is divided by 25.
18
Calculate the remainder when 925051 is divided by 462524.
3
Calculate the remainder when 14547262 is divided by 8.
6
What is the remainder when 3752875 is divided by 2086?
161
Calculate the remainder when 6080258 is divided by 4487.
373
What is the remainder when 405257 is divided by 27?
14
What is the remainder when 499985837 is divided by 18?
17
Calculate the remainder when 10652837 is divided by 355.
352
Calculate the remainder when 326971 is divided by 558.
541
Calculate the remainder when 4556435 is divided by 92988.
23
Calculate the remainder when 327523 is divided by 1290.
1153
What is the remainder when 1296855 is divided by 185195?
490
What is the remainder when 8940799 is divided by 110?
109
What is the remainder when 2170954 is divided by 6?
4
What is the remainder when 3602996 is divided by 719?
87
Calculate the remainder when 1109638 is divided by 100784.
1014
Calculate the remainder when 16384056 is divided by 712350.
6
What is the remainder when 1623102 is divided by 2242?
2136
What is the remainder when 401855 is divided by 913?
135
What is the remainder when 12252882 is divided by 3835?
57
Calculate the remainder when 7072296 is divided by 117.
114
What is the remainder when 6926429 is divided by 4160?
29
What is the remainder when 66768071 is divided by 358?
355
Calculate the remainder when 65882621 is divided by 14882.
7
What is the remainder when 1105487 is divided by 184226?
131
What is the remainder when 71501 is divided by 4?
1
Calculate the remainder when 215971 is divided by 3648.
739
What is the remainder when 1174848 is divided by 55933?
255
Calculate the remainder when 107025 is divided by 10667.
355
What is the remainder when 734099 is divided by 179?
20
Calculate the remainder when 18551 is divided by 17423.
1128
Calculate the remainder when 14317 is divided by 1185.
97
What is the remainder when 1282329 is divided by 9360?
9
What is the remainder when 79468562 is divided by 37?
36
Calculate the remainder when 1450036 is divided by 207110.
266
What is the remainder when 1253855 is divided by 27238?
907
What is the remainder when 257211 is divided by 6595?
6
Calculate the remainder when 20630707 is divided by 10315351.
5
Calculate the remainder when 712197 is divided by 1367.
1357
What is the remainder when 12392571 is divided by 26?
9
Calculate the remainder when 13736682 is divided by 281.
278
What is the remainder when 27754 is divided by 27358?
396
Calculate the remainder when 176718 is divided by 566.
126
What is the remainder when 929297 is divided by 601?
151
What is the remainder when 13402592 is divided by 2680513?
27
Calculate the remainder when 1270698 is divided by 316974.
2802
What is the remainder when 106183 is divided by 3432?
3223
What is the remainder when 683700 is divided by 170591?
1336
Calculate the remainder when 25657 is divided by 25404.
253
Calculate the remainder when 264421 is divided by 12538.
1123
What is the remainder when 452253 is divided by 49892?
3225
Calculate the remainder when 384992638 is divided by 3633.
3628
What is the remainder when 176118 is divided by 995?
3
Calculate the remainder when 2681080 is divided by 670267.
12
What is the remainder when 81267 is divided by 96?
51
What is the remainder when 402132 is divided by 40206?
72
What is the remainder when 191533 is divided by 1369?
1242
Calculate the remainder when 30858 is divided by 7689.
102
What is the remainder when 135541 is divided by 589?
71
What is the remainder when 31503 is divided by 28845?
2658
Calculate the remainder when 10065303 is divided by 198.
171
Calculate the remainder when 2398590 is divided by 547.
542
Calculate the remainder when 741648 is divided by 184887.
2100
Calculate the remainder when 619101 is divided by 1261.
1211
What is the remainder when 2408600 is divided by 602148?
8
What is the remainder when 742734 is divided by 1205?
454
Calculate the remainder when 62208 is divided by 30108.
1992
What is the remainder when 1171100 is divided by 40?
20
Calculate the remainder when 1302154 is divided by 1302042.
112
Calculate the remainder when 1217369 is divided by 1216744.
625
Calculate the remainder when 7671247 is divided by 138.
103
Calculate the remainder when 52300 is divided by 1629.
172
Calculate the remainder when 70609 is divided by 14090.
159
Calculate the remainder when 1024608 is divided by 503.
500
Calculate the remainder when 5221606 is divided by 31.
28
Calculate the remainder when 9041767 is divided by 4979.
4882
What is the remainder when 2266536 is divided by 6228?
5772
What is the remainder when 53331 is divided by 4739?
1202
Calculate the remainder when 674993 is divided by 112367.
791
What is the remainder when 1091133 is divided by 206?
157
Calculate the remainder when 911560 is divided by 151923.
22
What is the remainder when 5396354 is divided by 337269?
50
Calculate the remainder when 2662870 is divided by 4664.
4390
What is the remainder when 6588183 is divided by 3294053?
77
Calculate the remainder when 481982 is divided by 481904.
78
What is the remainder when 159958 is divided by 31158?
4168
Calculate the remainder when 38285503 is divided by 9571371.
19
What is the remainder when 8844352 is divided by 129?
112
Calculate the remainder when 2450599 is divided by 402.
7
What is the remainder when 5563519 is divided by 463624?
31
Calculate the remainder when 1027657 is divided by 147.
127
What is the remainder when 9030942 is divided by 46?
38
Calculate the remainder when 10418816 is divided by 289411.
20
What is the remainder when 12005 is divided by 11880?
125
What is the rema